ite?
False
Suppose 0 = 5*q + q - 24. Suppose -2*y = -q*y + 326. Is y prime?
True
Let u be (49/(-3) + 3)*-6. Let f(a) = -4*a + 1. Let c be f(-1). Suppose -v = -4*z + 5*z - u, -151 = -2*z - c*v. Is z prime?
True
Let c = 9 - 5. Suppose -x + 0 = c. Is (-4)/8*x - -209 prime?
True
Let m = -181 - -308. Is m a composite number?
False
Let d(p) = -2*p**3 + 21*p**2 - 17*p - 33. Let c(m) = -6*m**3 + 62*m**2 - 50*m - 98. Let s be (2/5)/((-11)/165). Let q(v) = s*c(v) + 17*d(v). Is q(11) composite?
True
Suppose 7*f - 27 = 4*f. Let q be 3/f - 2/6. Suppose q = 2*t - 553 - 81. Is t prime?
True
Suppose 8*q + 2*z = 7*q + 41103, -4*z = 5*q - 205545. Is q a prime number?
True
Suppose w = -p + 6221 + 7079, 0 = -5*p + 3*w + 66524. Is p a composite number?
True
Let t(g) = g**2 - 14*g + 38. Let l be t(11). Suppose 4*m + 1489 = 4*z + 9053, 0 = m + 5*z - 1903. Suppose -l*y + m = -2*y. Is y composite?
False
Suppose 7*b = 9*b - 12. Suppose 2*k + 4534 = 4*n, 5 = -b*k + k. Is n a composite number?
True
Let s = 8689 + -5762. Is s a composite number?
False
Suppose p + 0*p = 9. Is (6/p)/((-8)/(-1020)) a composite number?
True
Suppose -10594 = -3*q - 4*u + 13377, -2*q = -3*u - 15992. Is q a composite number?
False
Suppose 50277 = -12*s + 208353. Is s prime?
False
Let o(n) = 2*n**3 + 87*n**2 + 192. Is o(-43) composite?
True
Suppose 0 = -2*s + 3*n - 11856, -5926 = s - n - n. Let q = 10531 + s. Is q a prime number?
True
Suppose 5*x - 2*x = -30. Is 5/(x/103)*-6 prime?
False
Let p = 4734 - 1673. Is p composite?
False
Is -1 + -1 - (10 + -542 + -7) prime?
False
Suppose 3*v + 1811 + 1387 = 0. Let d = -303 - v. Is d prime?
False
Let l(j) = j**3 + j**2 + j + 2. Let h be (-2)/(-8) - (-3)/(-12). Let z be l(h). Suppose 2*n = f - 4*f + 559, -z*n - 2 = 0. Is f composite?
True
Let w(c) be the second derivative of 41*c**3/2 - 3*c**2/2 - 4*c. Let v be w(3). Suppose -2*k - 105 + 354 = -a, -3*k - a = -v. Is k composite?
True
Let w(x) = 99*x - 74. Is w(13) composite?
False
Let m(o) = 4*o**2 - 30*o + 8. Let y be m(7). Let z(t) = -82*t - 23. Is z(y) a composite number?
True
Let i(m) = 90*m**2 + 15 - 7*m - 15 - 9 - 7. Is i(-3) a prime number?
False
Suppose -2*t = -6*t + l + 34007, 0 = 2*t - 5*l - 17017. Is t composite?
False
Is 578039/33 - (-2)/3 composite?
True
Let h = -39681 + 91262. Is h a prime number?
True
Suppose 3*c + 0*c + 2 = 2*x, 2*c + 2*x - 12 = 0. Suppose -s = -a - 667, 6*s - 5*s + c*a - 652 = 0. Is s prime?
False
Let k be 6/((-243)/42 + 6). Suppose 2*f + 84 = 250. Let n = f - k. Is n composite?
True
Let v(z) = -9*z**3 - 4*z**2 + 10*z + 3. Let u be v(-7). Suppose -m - 681 = -f - 6*m, 4*f - 5*m - u = 0. Is f a composite number?
False
Suppose 4*i = 19 - 3. Suppose -4*o - 2 = -2*h, i*h + 5 = 3*o + 4. Let a(w) = -22*w - 1. Is a(o) a prime number?
False
Let l = -24 - -26. Suppose 0 = -l*w + 174 + 104. Is w a composite number?
False
Let u be (-161)/(-49) + (-2)/7. Suppose 2*y = -u*n - 0 + 61, y - 21 = -n. Let a = 2 + n. Is a composite?
True
Let h = -2476 + 3837. Is h prime?
True
Suppose 4*c - 118 = -18. Let w = -2 + c. Suppose -3*z - 5 = -w. Is z a prime number?
False
Suppose -3*y + l - 4664 = -5*y, -4*l = 8. Is y a composite number?
False
Let g = -60 + 62. Suppose -4*a = -g*m - 2610, 2*a = a + 2*m + 645. Is a prime?
False
Is ((-26)/(-39))/((-2)/(-2238)) a composite number?
True
Let u(k) be the second derivative of -7*k**6/8 + k**5/30 + k**4/12 + k**3/6 - 2*k**2 + 3*k. Let f(w) be the first derivative of u(w). Is f(-1) prime?
False
Suppose -h = -3*h + 8. Suppose 3*j = -0*j + m - 1, -5*j - 11 = -h*m. Let v = j - -5. Is v a prime number?
False
Suppose p = -t + 4*t + 10, -p = -5*t - 18. Let m(u) = -83*u - 17. Is m(p) prime?
True
Let z(p) = -21*p - 4. Suppose 2*y = 3*o + 8, 7*o - 2*o + y = 4. Let f be (-8 - o/(-2)) + 1. Is z(f) a prime number?
False
Let g = -17 + 27. Let m be (-6)/(-3)*g/4. Suppose -n = -5*w - 758, -4 = w - m. Is n composite?
True
Let p = 53089 - 32256. Is p composite?
True
Let q(t) = -1 + 2 + 170*t**3 - 4*t**2 + 5*t - 2 + 2*t**2. Is q(2) a prime number?
True
Suppose 0 = 58*y - 1087243 - 1393359. Is y prime?
False
Let f(q) be the third derivative of -q**3/6 - 3*q**2. Let i(s) = 2*s**2 + 6*s - 2. Let r(h) = -3*f(h) + i(h). Is r(-5) composite?
True
Suppose 0*j - 3*j - 24 = 0. Let a(f) = 6*f**2 + 19. Is a(j) prime?
False
Let t be 710 - 0/(-4 + 1). Suppose -i - 4*i = 1455. Let g = t + i. Is g a composite number?
False
Let l(g) = -87*g + 22. Suppose 5*t + 3 = 2*t, 2*b - 2*t = -12. Is l(b) a prime number?
True
Is 12/(-8) + (-581)/(-2) a composite number?
True
Suppose -301*v = -307*v + 402. Is v a composite number?
False
Let t = 25 - -4394. Suppose 8 = -5*a + 3, a + t = 2*o. Let w = -1322 + o. Is w composite?
False
Let k(n) = n**3 + 2*n**2 - n. Suppose 0*i = -4*b + 5*i - 8, b = 2*i - 2. Let x be k(b). Suppose x*u = u + 23. Is u a composite number?
False
Suppose 0 = -19*x + 49858 + 13621. Is x a prime number?
False
Let i(w) = 28*w**2 - w - 2. Let r be 2 + 5*(-3 - -5). Let j be ((-5)/(-10))/(2/r). Is i(j) composite?
True
Let k = -458 - -1141. Is k a composite number?
False
Is 6/(-8) + (-1078463)/(-68) a prime number?
True
Let f be -3*-56*(-16)/(-6). Suppose -2*m - 5*h = -6*m - 923, 0 = -4*m - h - 905. Let y = m + f. Is y prime?
False
Is (-1)/(-6) + (1640310/36)/5 composite?
True
Suppose 3*d + 541 - 5650 = 0. Is d a composite number?
True
Let g = 36 + -33. Suppose -1317 = -p + 5*y, g*p - 747 - 3256 = 2*y. Is p composite?
True
Suppose -m + 3*m = 0. Suppose 1353 = -m*t + 3*t. Suppose 3*i = -6, 5*c = 2*i + i + t. Is c a prime number?
True
Suppose 3*d + 25 - 31 = 0. Is -2309*(-2)/(-1)*d/(-4) composite?
False
Suppose 22 = u + 19. Is (308 - 16) + u/1 a prime number?
False
Let r(d) = d**3 + d**2 - 13*d - 77. Is r(38) composite?
True
Suppose 2*h - 4*g = -5*g + 25, h - 3*g = 9. Let a = -8 + h. Suppose a*x - 4604 = -0*x. Is x a composite number?
False
Let b be ((-9)/(-6))/((-9)/2892). Is (25/5)/(-5) - b prime?
False
Let b(l) = -29*l + 10*l + 8*l - 8. Let r be b(-9). Let y = -60 + r. Is y a composite number?
False
Let y = -24648 + 53419. Is y a composite number?
False
Suppose -3 = -w - 0*w. Suppose -11*h + 13*h - 8 = 0. Suppose -3*v = h*j - 237, -5*j = -w*v - 122 - 154. Is j a prime number?
False
Suppose 2*f + c - 1020 = -356, 0 = 3*f + 5*c - 1003. Is f a prime number?
True
Let s(m) = -30*m**2 - 4*m - 5. Let t be s(5). Let h = -218 - t. Is h a prime number?
True
Suppose -4*n = -n - 84. Suppose -n = -5*b - p, 2*b = -3*b + 3*p + 16. Suppose 0*r = 4*r + b*s - 67, -s + 18 = r. Is r prime?
True
Suppose 2*l + 4*u = 8823 - 2957, 3*u - 5869 = -2*l. Is l prime?
True
Let g = 33 - 30. Suppose 2*m - 314 = -u + 673, -2*m = -g*u + 2945. Is u prime?
True
Suppose 11*b - 13019 = 272178. Is b a prime number?
False
Let s(j) = -9*j**3 + 17*j**2 - 2*j + 19. Let q(x) = 4*x**3 - 9*x**2 + x - 9. Let t(w) = 5*q(w) + 2*s(w). Is t(8) a composite number?
True
Suppose 3*t - 36671 = 5*o, 2*o = -4*t + 34635 + 14277. Is t prime?
True
Let z(t) = 327*t. Suppose 0*a = 2*a - 2. Let q be z(a). Suppose -2*d + q = d. Is d a composite number?
False
Suppose 846 = -4*u - 94. Let w = u + 556. Is w prime?
False
Suppose 3*o = 2*o - 4485. Let r = -292 - o. Is r composite?
True
Suppose 4*x = -0*x - q + 2829, -5*x - 5*q + 3555 = 0. Suppose -4*i = -74 - x. Suppose -i = 3*o - 6*o. Is o a composite number?
True
Let j be (3/(-2))/((-18)/24). Suppose -4*z + 4*g = -560, -3*z - j*z + 706 = g. Suppose -5*i + 476 = z. Is i prime?
True
Let j(l) = -l + 1. Let b be j(-1). Suppose -5*o - 5*g + 8208 = -5727, -5574 = -b*o - 5*g. Is o prime?
False
Is (11/33)/((3 - 5)/(-11694)) a composite number?
False
Suppose 3*g + 4*c = 8*c + 7473, 2486 = g - 3*c. Is g composite?
True
Suppose 5*u - 5*z + 5185 = 0, -5*u - 5170 = -2*z - 0*z. Let h = 2169 + u. Is h a composite number?
True
Let y = -336 + 153. Let o = -117 - y. Let z = o + 49. Is z prime?
False
Suppose -4*s - 777 = -h, -2406 = -3*h - 3*s - 0*s. Is h prime?
True
Let l(h) = -2*h**3 - 6*h**2 + 3*h - 4. Is l(-7) composite?
False
Let u = -19465 + 45284. Is u composite?
False
Suppose -2*u = -9*u + 35273. Is u composite?
False
Let w(f) = -2*f**2 - 4*f + 7. Let n be w(-4). Is 8/(-36) + (-3413)/n prime?
True
Let b(n) = n. Let p be b(-3). Let y(s) = 26 - 16*s - 11 - 17. Is y(p) a composite number?
True
Let u(i) = 10*i + 9. 